[INFO] cloning repository https://github.com/KeepLearningFromSideProject/CrawlerStorage
[INFO] running `Command { std: "git" "-c" "credential.helper=" "-c" "credential.helper=/workspace/cargo-home/bin/git-credential-null" "clone" "--bare" "https://github.com/KeepLearningFromSideProject/CrawlerStorage" "/workspace/cache/git-repos/https%3A%2F%2Fgithub.com%2FKeepLearningFromSideProject%2FCrawlerStorage", kill_on_drop: false }`
[INFO] [stderr] Cloning into bare repository '/workspace/cache/git-repos/https%3A%2F%2Fgithub.com%2FKeepLearningFromSideProject%2FCrawlerStorage'...
[INFO] running `Command { std: "git" "rev-parse" "HEAD", kill_on_drop: false }`
[INFO] [stdout] e82276dda2adde61eddf74ff32ff283de5561260
[INFO] checking KeepLearningFromSideProject/CrawlerStorage against try#72f88fc4e9458f89516a0b8b0868f3718aec5b47 for pr-74989
[INFO] running `Command { std: "git" "clone" "/workspace/cache/git-repos/https%3A%2F%2Fgithub.com%2FKeepLearningFromSideProject%2FCrawlerStorage" "/workspace/builds/worker-4/source", kill_on_drop: false }`
[INFO] [stderr] Cloning into '/workspace/builds/worker-4/source'...
[INFO] [stderr] done.
[INFO] validating manifest of git repo https://github.com/KeepLearningFromSideProject/CrawlerStorage on toolchain 72f88fc4e9458f89516a0b8b0868f3718aec5b47
[INFO] running `Command { std: "/workspace/cargo-home/bin/cargo" "+72f88fc4e9458f89516a0b8b0868f3718aec5b47" "read-manifest" "--manifest-path" "Cargo.toml", kill_on_drop: false }`
[INFO] started tweaking git repo https://github.com/KeepLearningFromSideProject/CrawlerStorage
[INFO] removed workspace from git repo https://github.com/KeepLearningFromSideProject/CrawlerStorage
[INFO] removed path dependency fuse from git repo https://github.com/KeepLearningFromSideProject/CrawlerStorage
[INFO] finished tweaking git repo https://github.com/KeepLearningFromSideProject/CrawlerStorage
[INFO] tweaked toml for git repo https://github.com/KeepLearningFromSideProject/CrawlerStorage written to /workspace/builds/worker-4/source/Cargo.toml
[INFO] crate git repo https://github.com/KeepLearningFromSideProject/CrawlerStorage already has a lockfile, it will not be regenerated
[INFO] running `Command { std: "/workspace/cargo-home/bin/cargo" "+72f88fc4e9458f89516a0b8b0868f3718aec5b47" "fetch" "--locked" "--manifest-path" "Cargo.toml", kill_on_drop: false }`
[INFO] [stderr] warning: dependency (fuse) specified without providing a local path, Git repository, or version to use. This will be considered an error in future versions
[INFO] [stderr]     Updating crates.io index
[INFO] [stderr] error: the lock file /workspace/builds/worker-4/source/Cargo.lock needs to be updated but --locked was passed to prevent this
[INFO] [stderr] If you want to try to generate the lock file without accessing the network, use the --offline flag.
[INFO] the lockfile is outdated, regenerating it
[INFO] running `Command { std: "/workspace/cargo-home/bin/cargo" "+72f88fc4e9458f89516a0b8b0868f3718aec5b47" "generate-lockfile" "--manifest-path" "Cargo.toml" "-Zno-index-update", kill_on_drop: false }`
[INFO] running `Command { std: "/workspace/cargo-home/bin/cargo" "+72f88fc4e9458f89516a0b8b0868f3718aec5b47" "fetch" "--locked" "--manifest-path" "Cargo.toml", kill_on_drop: false }`
[INFO] [stderr] warning: dependency (fuse) specified without providing a local path, Git repository, or version to use. This will be considered an error in future versions
[INFO] [stderr]  Downloading crates ...
[INFO] [stderr]   Downloaded strum v0.19.2
[INFO] [stderr]   Downloaded strum_macros v0.19.2
[INFO] [stderr]   Downloaded owo-colors v1.1.3
[INFO] [stderr]   Downloaded color-eyre v0.5.2
[INFO] [stderr]   Downloaded thread-scoped v1.0.2
[INFO] [stderr]   Downloaded fuse v0.3.1
[INFO] [stderr]   Downloaded eyre v0.6.0
[INFO] running `Command { std: "docker" "create" "-v" "/var/lib/crater-agent-workspace/builds/worker-4/target:/opt/rustwide/target:rw,Z" "-v" "/var/lib/crater-agent-workspace/builds/worker-4/source:/opt/rustwide/workdir:ro,Z" "-v" "/var/lib/crater-agent-workspace/cargo-home:/opt/rustwide/cargo-home:ro,Z" "-v" "/var/lib/crater-agent-workspace/rustup-home:/opt/rustwide/rustup-home:ro,Z" "-e" "SOURCE_DIR=/opt/rustwide/workdir" "-e" "CARGO_TARGET_DIR=/opt/rustwide/target" "-e" "CARGO_HOME=/opt/rustwide/cargo-home" "-e" "RUSTUP_HOME=/opt/rustwide/rustup-home" "-w" "/opt/rustwide/workdir" "-m" "1610612736" "--user" "0:0" "--network" "none" "rustops/crates-build-env@sha256:d92eaeed33fa75130ca1ee6c8a01d1ffb62bac859dfdfb3450e3e5d1c0146529" "/opt/rustwide/cargo-home/bin/cargo" "+72f88fc4e9458f89516a0b8b0868f3718aec5b47" "metadata" "--no-deps" "--format-version=1", kill_on_drop: false }`
[INFO] [stdout] 79e97bb405cd1519011d8cdaeafb91d48b551a3a81fb33eb55e67d41d400bd47
[INFO] [stderr] WARNING: Your kernel does not support swap limit capabilities or the cgroup is not mounted. Memory limited without swap.
[INFO] running `Command { std: "docker" "start" "-a" "79e97bb405cd1519011d8cdaeafb91d48b551a3a81fb33eb55e67d41d400bd47", kill_on_drop: false }`
[INFO] running `Command { std: "docker" "inspect" "79e97bb405cd1519011d8cdaeafb91d48b551a3a81fb33eb55e67d41d400bd47", kill_on_drop: false }`
[INFO] running `Command { std: "docker" "rm" "-f" "79e97bb405cd1519011d8cdaeafb91d48b551a3a81fb33eb55e67d41d400bd47", kill_on_drop: false }`
[INFO] [stdout] 79e97bb405cd1519011d8cdaeafb91d48b551a3a81fb33eb55e67d41d400bd47
[INFO] running `Command { std: "docker" "create" "-v" "/var/lib/crater-agent-workspace/builds/worker-4/target:/opt/rustwide/target:rw,Z" "-v" "/var/lib/crater-agent-workspace/builds/worker-4/source:/opt/rustwide/workdir:ro,Z" "-v" "/var/lib/crater-agent-workspace/cargo-home:/opt/rustwide/cargo-home:ro,Z" "-v" "/var/lib/crater-agent-workspace/rustup-home:/opt/rustwide/rustup-home:ro,Z" "-e" "SOURCE_DIR=/opt/rustwide/workdir" "-e" "CARGO_TARGET_DIR=/opt/rustwide/target" "-e" "CARGO_INCREMENTAL=0" "-e" "RUST_BACKTRACE=full" "-e" "RUSTFLAGS=--cap-lints=forbid" "-e" "CARGO_HOME=/opt/rustwide/cargo-home" "-e" "RUSTUP_HOME=/opt/rustwide/rustup-home" "-w" "/opt/rustwide/workdir" "-m" "1610612736" "--user" "0:0" "--network" "none" "rustops/crates-build-env@sha256:d92eaeed33fa75130ca1ee6c8a01d1ffb62bac859dfdfb3450e3e5d1c0146529" "/opt/rustwide/cargo-home/bin/cargo" "+72f88fc4e9458f89516a0b8b0868f3718aec5b47" "check" "--frozen" "--all" "--all-targets" "--message-format=json", kill_on_drop: false }`
[INFO] [stdout] 196c5f2d923016acdcf11d513ed792680f2f38628f839d45399b457a1bf28466
[INFO] [stderr] WARNING: Your kernel does not support swap limit capabilities or the cgroup is not mounted. Memory limited without swap.
[INFO] running `Command { std: "docker" "start" "-a" "196c5f2d923016acdcf11d513ed792680f2f38628f839d45399b457a1bf28466", kill_on_drop: false }`
[INFO] [stderr] warning: dependency (fuse) specified without providing a local path, Git repository, or version to use. This will be considered an error in future versions
[INFO] [stderr]    Compiling libc v0.2.77
[INFO] [stderr]    Compiling autocfg v1.0.1
[INFO] [stderr]    Compiling proc-macro2 v1.0.21
[INFO] [stderr]    Compiling unicode-xid v0.2.1
[INFO] [stderr]    Compiling syn v1.0.40
[INFO] [stderr]    Compiling log v0.4.11
[INFO] [stderr]    Compiling memchr v2.3.3
[INFO] [stderr]    Compiling semver-parser v0.7.0
[INFO] [stderr]    Compiling eyre v0.6.0
[INFO] [stderr]     Checking gimli v0.22.0
[INFO] [stderr]     Checking adler v0.2.3
[INFO] [stderr]    Compiling serde_derive v1.0.116
[INFO] [stderr]    Compiling nix v0.17.0
[INFO] [stderr]     Checking quick-error v1.2.3
[INFO] [stderr]    Compiling serde v1.0.116
[INFO] [stderr]     Checking once_cell v1.4.1
[INFO] [stderr]     Checking void v1.0.2
[INFO] [stderr]     Checking rustc-demangle v0.1.16
[INFO] [stderr]     Checking object v0.20.0
[INFO] [stderr]     Checking indenter v0.3.0
[INFO] [stderr]     Checking termcolor v1.1.0
[INFO] [stderr]     Checking opaque-debug v0.3.0
[INFO] [stderr]     Checking cpuid-bool v0.1.2
[INFO] [stderr]     Checking owo-colors v1.1.3
[INFO] [stderr]     Checking thread-scoped v1.0.2
[INFO] [stderr]     Checking scopeguard v1.1.0
[INFO] [stderr]     Checking strum v0.19.2
[INFO] [stderr]     Checking dotenv v0.15.0
[INFO] [stderr]     Checking hex v0.4.2
[INFO] [stderr]    Compiling generic-array v0.14.4
[INFO] [stderr]    Compiling libsqlite3-sys v0.18.0
[INFO] [stderr]    Compiling fuse v0.3.1
[INFO] [stderr]     Checking humantime v1.3.0
[INFO] [stderr]    Compiling semver v0.9.0
[INFO] [stderr]     Checking log v0.3.9
[INFO] [stderr]    Compiling num-traits v0.2.12
[INFO] [stderr]    Compiling num-integer v0.1.43
[INFO] [stderr]    Compiling miniz_oxide v0.4.2
[INFO] [stderr]     Checking aho-corasick v0.7.13
[INFO] [stderr]    Compiling rustc_version v0.2.3
[INFO] [stderr]    Compiling quote v1.0.7
[INFO] [stderr]    Compiling cast v0.2.3
[INFO] [stderr]     Checking digest v0.9.0
[INFO] [stderr]     Checking block-buffer v0.9.0
[INFO] [stderr]     Checking sha2 v0.9.1
[INFO] [stderr]     Checking regex v1.3.9
[INFO] [stderr]     Checking addr2line v0.13.0
[INFO] [stderr]     Checking time v0.1.44
[INFO] [stderr]     Checking atty v0.2.14
[INFO] [stderr]     Checking env_logger v0.7.1
[INFO] [stderr]     Checking chrono v0.4.15
[INFO] [stderr]     Checking pretty_env_logger v0.4.0
[INFO] [stderr]     Checking backtrace v0.3.50
[INFO] [stderr]     Checking color-eyre v0.5.2
[INFO] [stderr]     Checking ctrlc v3.1.6
[INFO] [stderr]    Compiling diesel_derives v1.4.1
[INFO] [stderr]    Compiling strum_macros v0.19.2
[INFO] [stderr]     Checking diesel v1.4.5
[INFO] [stderr]     Checking comic-fs v0.1.0 (/opt/rustwide/workdir)
[INFO] [stdout] error[E0425]: cannot find function `unmount` in crate `fuse`
[INFO] [stdout]    --> src/main.rs:26:15
[INFO] [stdout]     |
[INFO] [stdout] 26  |         fuse::unmount("mnt".as_ref()).expect("Fail to unmount");
[INFO] [stdout]     |               ^^^^^^^ help: a function with a similar name exists: `mount`
[INFO] [stdout]     | 
[INFO] [stdout]    ::: /opt/rustwide/cargo-home/registry/src/github.com-1ecc6299db9ec823/fuse-0.3.1/src/lib.rs:375:1
[INFO] [stdout]     |
[INFO] [stdout] 375 | pub fn mount<FS: Filesystem, P: AsRef<Path>>(filesystem: FS, mountpoint: &P, options: &[&OsStr]) -> io::Result<()>{
[INFO] [stdout]     | ------------------------------------------------------------------------------------------------------------------ similarly named function `mount` defined here
[INFO] [stdout] 
[INFO] [stdout] 
[INFO] [stdout] error[E0425]: cannot find function `unmount` in crate `fuse`
[INFO] [stdout]    --> src/main.rs:26:15
[INFO] [stdout]     |
[INFO] [stdout] 26  |         fuse::unmount("mnt".as_ref()).expect("Fail to unmount");
[INFO] [stdout]     |               ^^^^^^^ help: a function with a similar name exists: `mount`
[INFO] [stdout]     | 
[INFO] [stdout]    ::: /opt/rustwide/cargo-home/registry/src/github.com-1ecc6299db9ec823/fuse-0.3.1/src/lib.rs:375:1
[INFO] [stdout]     |
[INFO] [stdout] 375 | pub fn mount<FS: Filesystem, P: AsRef<Path>>(filesystem: FS, mountpoint: &P, options: &[&OsStr]) -> io::Result<()>{
[INFO] [stdout]     | ------------------------------------------------------------------------------------------------------------------ similarly named function `mount` defined here
[INFO] [stdout] 
[INFO] [stdout] 
[INFO] [stdout] error[E0308]: mismatched types
[INFO] [stdout]    --> src/fs.rs:138:12
[INFO] [stdout]     |
[INFO] [stdout] 138 |     atime: SystemTime::UNIX_EPOCH, // 1970-01-01 00:00:00
[INFO] [stdout]     |            ^^^^^^^^^^^^^^^^^^^^^^ expected struct `time::Timespec`, found struct `SystemTime`
[INFO] [stdout] 
[INFO] [stdout] 
[INFO] [stdout] error[E0308]: mismatched types
[INFO] [stdout]    --> src/fs.rs:138:12
[INFO] [stdout]     |
[INFO] [stdout] 138 |     atime: SystemTime::UNIX_EPOCH, // 1970-01-01 00:00:00
[INFO] [stdout]     |            ^^^^^^^^^^^^^^^^^^^^^^ expected struct `time::Timespec`, found struct `SystemTime`
[INFO] [stdout] 
[INFO] [stdout] 
[INFO] [stdout] error[E0308]: mismatched types
[INFO] [stdout]    --> src/fs.rs:139:12
[INFO] [stdout]     |
[INFO] [stdout] 139 |     mtime: SystemTime::UNIX_EPOCH,
[INFO] [stdout]     |            ^^^^^^^^^^^^^^^^^^^^^^ expected struct `time::Timespec`, found struct `SystemTime`
[INFO] [stdout] 
[INFO] [stdout] 
[INFO] [stdout] error[E0308]: mismatched types
[INFO] [stdout]    --> src/fs.rs:139:12
[INFO] [stdout]     |
[INFO] [stdout] 139 |     mtime: SystemTime::UNIX_EPOCH,
[INFO] [stdout]     |            ^^^^^^^^^^^^^^^^^^^^^^ expected struct `time::Timespec`, found struct `SystemTime`
[INFO] [stdout] 
[INFO] [stdout] 
[INFO] [stdout] error[E0308]: mismatched types
[INFO] [stdout]    --> src/fs.rs:140:12
[INFO] [stdout]     |
[INFO] [stdout] 140 |     ctime: SystemTime::UNIX_EPOCH,
[INFO] [stdout]     |            ^^^^^^^^^^^^^^^^^^^^^^ expected struct `time::Timespec`, found struct `SystemTime`
[INFO] [stdout] 
[INFO] [stdout] 
[INFO] [stdout] error[E0308]: mismatched types
[INFO] [stdout]    --> src/fs.rs:140:12
[INFO] [stdout]     |
[INFO] [stdout] 140 |     ctime: SystemTime::UNIX_EPOCH,
[INFO] [stdout]     |            ^^^^^^^^^^^^^^^^^^^^^^ expected struct `time::Timespec`, found struct `SystemTime`
[INFO] [stdout] 
[INFO] [stdout] 
[INFO] [stdout] error[E0308]: mismatched types
[INFO] [stdout]    --> src/fs.rs:141:13
[INFO] [stdout]     |
[INFO] [stdout] 141 |     crtime: SystemTime::UNIX_EPOCH,
[INFO] [stdout]     |             ^^^^^^^^^^^^^^^^^^^^^^ expected struct `time::Timespec`, found struct `SystemTime`
[INFO] [stdout] 
[INFO] [stdout] 
[INFO] [stdout] error[E0308]: mismatched types
[INFO] [stdout]    --> src/fs.rs:141:13
[INFO] [stdout]     |
[INFO] [stdout] 141 |     crtime: SystemTime::UNIX_EPOCH,
[INFO] [stdout]     |             ^^^^^^^^^^^^^^^^^^^^^^ expected struct `time::Timespec`, found struct `SystemTime`
[INFO] [stdout] 
[INFO] [stdout] 
[INFO] [stdout] error[E0308]: mismatched types
[INFO] [stdout]    --> src/fs.rs:156:16
[INFO] [stdout]     |
[INFO] [stdout] 156 |         atime: SystemTime::UNIX_EPOCH, // 1970-01-01 00:00:00
[INFO] [stdout]     |                ^^^^^^^^^^^^^^^^^^^^^^ expected struct `time::Timespec`, found struct `SystemTime`
[INFO] [stdout] 
[INFO] [stdout] 
[INFO] [stdout] error[E0308]: mismatched types
[INFO] [stdout]    --> src/fs.rs:156:16
[INFO] [stdout]     |
[INFO] [stdout] 156 |         atime: SystemTime::UNIX_EPOCH, // 1970-01-01 00:00:00
[INFO] [stdout]     |                ^^^^^^^^^^^^^^^^^^^^^^ expected struct `time::Timespec`, found struct `SystemTime`
[INFO] [stdout] 
[INFO] [stdout] 
[INFO] [stdout] error[E0308]: mismatched types
[INFO] [stdout]    --> src/fs.rs:157:16
[INFO] [stdout]     |
[INFO] [stdout] 157 |         mtime: SystemTime::UNIX_EPOCH,
[INFO] [stdout]     |                ^^^^^^^^^^^^^^^^^^^^^^ expected struct `time::Timespec`, found struct `SystemTime`
[INFO] [stdout] 
[INFO] [stdout] 
[INFO] [stdout] error[E0308]: mismatched types
[INFO] [stdout]    --> src/fs.rs:157:16
[INFO] [stdout]     |
[INFO] [stdout] 157 |         mtime: SystemTime::UNIX_EPOCH,
[INFO] [stdout]     |                ^^^^^^^^^^^^^^^^^^^^^^ expected struct `time::Timespec`, found struct `SystemTime`
[INFO] [stdout] 
[INFO] [stdout] 
[INFO] [stdout] error[E0308]: mismatched types
[INFO] [stdout]    --> src/fs.rs:158:16
[INFO] [stdout]     |
[INFO] [stdout] 158 |         ctime: SystemTime::UNIX_EPOCH,
[INFO] [stdout]     |                ^^^^^^^^^^^^^^^^^^^^^^ expected struct `time::Timespec`, found struct `SystemTime`
[INFO] [stdout] 
[INFO] [stdout] 
[INFO] [stdout] error[E0308]: mismatched types
[INFO] [stdout]    --> src/fs.rs:159:17
[INFO] [stdout]     |
[INFO] [stdout] 159 |         crtime: SystemTime::UNIX_EPOCH,
[INFO] [stdout]     |                 ^^^^^^^^^^^^^^^^^^^^^^ expected struct `time::Timespec`, found struct `SystemTime`
[INFO] [stdout] 
[INFO] [stdout] 
[INFO] [stdout] error[E0308]: mismatched types
[INFO] [stdout]    --> src/fs.rs:158:16
[INFO] [stdout]     |
[INFO] [stdout] 158 |         ctime: SystemTime::UNIX_EPOCH,
[INFO] [stdout]     |                ^^^^^^^^^^^^^^^^^^^^^^ expected struct `time::Timespec`, found struct `SystemTime`
[INFO] [stdout] 
[INFO] [stdout] 
[INFO] [stdout] error[E0308]: mismatched types
[INFO] [stdout]    --> src/fs.rs:172:16
[INFO] [stdout]     |
[INFO] [stdout] 172 |         atime: SystemTime::UNIX_EPOCH, // 1970-01-01 00:00:00
[INFO] [stdout]     |                ^^^^^^^^^^^^^^^^^^^^^^ expected struct `time::Timespec`, found struct `SystemTime`
[INFO] [stdout] 
[INFO] [stdout] 
[INFO] [stdout] error[E0308]: mismatched types
[INFO] [stdout]    --> src/fs.rs:159:17
[INFO] [stdout]     |
[INFO] [stdout] 159 |         crtime: SystemTime::UNIX_EPOCH,
[INFO] [stdout]     |                 ^^^^^^^^^^^^^^^^^^^^^^ expected struct `time::Timespec`, found struct `SystemTime`
[INFO] [stdout] 
[INFO] [stdout] 
[INFO] [stdout] error[E0308]: mismatched types
[INFO] [stdout]    --> src/fs.rs:173:16
[INFO] [stdout]     |
[INFO] [stdout] 173 |         mtime: SystemTime::UNIX_EPOCH,
[INFO] [stdout]     |                ^^^^^^^^^^^^^^^^^^^^^^ expected struct `time::Timespec`, found struct `SystemTime`
[INFO] [stdout] 
[INFO] [stdout] 
[INFO] [stdout] error[E0308]: mismatched types
[INFO] [stdout]    --> src/fs.rs:172:16
[INFO] [stdout]     |
[INFO] [stdout] 172 |         atime: SystemTime::UNIX_EPOCH, // 1970-01-01 00:00:00
[INFO] [stdout]     |                ^^^^^^^^^^^^^^^^^^^^^^ expected struct `time::Timespec`, found struct `SystemTime`
[INFO] [stdout] 
[INFO] [stdout] 
[INFO] [stdout] error[E0308]: mismatched types
[INFO] [stdout]    --> src/fs.rs:174:16
[INFO] [stdout]     |
[INFO] [stdout] 174 |         ctime: SystemTime::UNIX_EPOCH,
[INFO] [stdout]     |                ^^^^^^^^^^^^^^^^^^^^^^ expected struct `time::Timespec`, found struct `SystemTime`
[INFO] [stdout] 
[INFO] [stdout] 
[INFO] [stdout] error[E0308]: mismatched types
[INFO] [stdout]    --> src/fs.rs:175:17
[INFO] [stdout]     |
[INFO] [stdout] 175 |         crtime: SystemTime::UNIX_EPOCH,
[INFO] [stdout]     |                 ^^^^^^^^^^^^^^^^^^^^^^ expected struct `time::Timespec`, found struct `SystemTime`
[INFO] [stdout] 
[INFO] [stdout] 
[INFO] [stdout] error[E0053]: method `setattr` has an incompatible type for trait
[INFO] [stdout]    --> src/fs.rs:670:5
[INFO] [stdout]     |
[INFO] [stdout] 670 | /     fn setattr(
[INFO] [stdout] 671 | |         &mut self,
[INFO] [stdout] 672 | |         _req: &Request,
[INFO] [stdout] 673 | |         ino: u64,
[INFO] [stdout] ...   |
[INFO] [stdout] 722 | |         reply.attr(&ONE_SEC, &attr);
[INFO] [stdout] 723 | |     }
[INFO] [stdout]     | |_____^ expected struct `time::Timespec`, found struct `SystemTime`
[INFO] [stdout]     |
[INFO] [stdout]     = note: expected fn pointer `fn(&mut ComicFS, &fuse::Request<'_>, _, std::option::Option<_>, std::option::Option<_>, std::option::Option<_>, std::option::Option<_>, std::option::Option<time::Timespec>, std::option::Option<time::Timespec>, std::option::Option<_>, std::option::Option<time::Timespec>, std::option::Option<time::Timespec>, std::option::Option<time::Timespec>, std::option::Option<_>, ReplyAttr)`
[INFO] [stdout]                found fn pointer `fn(&mut ComicFS, &fuse::Request<'_>, _, std::option::Option<_>, std::option::Option<_>, std::option::Option<_>, std::option::Option<_>, std::option::Option<SystemTime>, std::option::Option<SystemTime>, std::option::Option<_>, std::option::Option<SystemTime>, std::option::Option<SystemTime>, std::option::Option<SystemTime>, std::option::Option<_>, ReplyAttr)`
[INFO] [stdout] 
[INFO] [stdout] 
[INFO] [stdout] error[E0308]: mismatched types
[INFO] [stdout]    --> src/fs.rs:173:16
[INFO] [stdout]     |
[INFO] [stdout] 173 |         mtime: SystemTime::UNIX_EPOCH,
[INFO] [stdout]     |                ^^^^^^^^^^^^^^^^^^^^^^ expected struct `time::Timespec`, found struct `SystemTime`
[INFO] [stdout] 
[INFO] [stdout] 
[INFO] [stdout] error[E0308]: mismatched types
[INFO] [stdout]    --> src/fs.rs:191:16
[INFO] [stdout]     |
[INFO] [stdout] 191 |         atime: SystemTime::UNIX_EPOCH,
[INFO] [stdout]     |                ^^^^^^^^^^^^^^^^^^^^^^ expected struct `time::Timespec`, found struct `SystemTime`
[INFO] [stdout] 
[INFO] [stdout] 
[INFO] [stdout] error[E0308]: mismatched types
[INFO] [stdout]    --> src/fs.rs:174:16
[INFO] [stdout]     |
[INFO] [stdout] 174 |         ctime: SystemTime::UNIX_EPOCH,
[INFO] [stdout]     |                ^^^^^^^^^^^^^^^^^^^^^^ expected struct `time::Timespec`, found struct `SystemTime`
[INFO] [stdout] 
[INFO] [stdout] 
[INFO] [stdout] error[E0308]: mismatched types
[INFO] [stdout]    --> src/fs.rs:192:16
[INFO] [stdout]     |
[INFO] [stdout] 192 |         mtime: SystemTime::UNIX_EPOCH,
[INFO] [stdout]     |                ^^^^^^^^^^^^^^^^^^^^^^ expected struct `time::Timespec`, found struct `SystemTime`
[INFO] [stdout] 
[INFO] [stdout] 
[INFO] [stdout] error[E0308]: mismatched types
[INFO] [stdout]    --> src/fs.rs:175:17
[INFO] [stdout]     |
[INFO] [stdout] 175 |         crtime: SystemTime::UNIX_EPOCH,
[INFO] [stdout]     |                 ^^^^^^^^^^^^^^^^^^^^^^ expected struct `time::Timespec`, found struct `SystemTime`
[INFO] [stdout] 
[INFO] [stdout] 
[INFO] [stdout] error[E0053]: method `setattr` has an incompatible type for trait
[INFO] [stdout]    --> src/fs.rs:670:5
[INFO] [stdout]     |
[INFO] [stdout] 670 | /     fn setattr(
[INFO] [stdout] 671 | |         &mut self,
[INFO] [stdout] 672 | |         _req: &Request,
[INFO] [stdout] 673 | |         ino: u64,
[INFO] [stdout] ...   |
[INFO] [stdout] 722 | |         reply.attr(&ONE_SEC, &attr);
[INFO] [stdout] 723 | |     }
[INFO] [stdout]     | |_____^ expected struct `time::Timespec`, found struct `SystemTime`
[INFO] [stdout]     |
[INFO] [stdout]     = note: expected fn pointer `fn(&mut ComicFS, &fuse::Request<'_>, _, std::option::Option<_>, std::option::Option<_>, std::option::Option<_>, std::option::Option<_>, std::option::Option<time::Timespec>, std::option::Option<time::Timespec>, std::option::Option<_>, std::option::Option<time::Timespec>, std::option::Option<time::Timespec>, std::option::Option<time::Timespec>, std::option::Option<_>, ReplyAttr)`
[INFO] [stdout]                found fn pointer `fn(&mut ComicFS, &fuse::Request<'_>, _, std::option::Option<_>, std::option::Option<_>, std::option::Option<_>, std::option::Option<_>, std::option::Option<SystemTime>, std::option::Option<SystemTime>, std::option::Option<_>, std::option::Option<SystemTime>, std::option::Option<SystemTime>, std::option::Option<SystemTime>, std::option::Option<_>, ReplyAttr)`
[INFO] [stdout] 
[INFO] [stdout] 
[INFO] [stdout] error[E0308]: mismatched types
[INFO] [stdout]    --> src/fs.rs:193:16
[INFO] [stdout]     |
[INFO] [stdout] 193 |         ctime: SystemTime::UNIX_EPOCH,
[INFO] [stdout]     |                ^^^^^^^^^^^^^^^^^^^^^^ expected struct `time::Timespec`, found struct `SystemTime`
[INFO] [stdout] 
[INFO] [stdout] 
[INFO] [stdout] error[E0308]: mismatched types
[INFO] [stdout]    --> src/fs.rs:191:16
[INFO] [stdout]     |
[INFO] [stdout] 191 |         atime: SystemTime::UNIX_EPOCH,
[INFO] [stdout]     |                ^^^^^^^^^^^^^^^^^^^^^^ expected struct `time::Timespec`, found struct `SystemTime`
[INFO] [stdout] 
[INFO] [stdout] 
[INFO] [stdout] error[E0308]: mismatched types
[INFO] [stdout]    --> src/fs.rs:194:17
[INFO] [stdout]     |
[INFO] [stdout] 194 |         crtime: SystemTime::UNIX_EPOCH,
[INFO] [stdout]     |                 ^^^^^^^^^^^^^^^^^^^^^^ expected struct `time::Timespec`, found struct `SystemTime`
[INFO] [stdout] 
[INFO] [stdout] 
[INFO] [stdout] error[E0308]: mismatched types
[INFO] [stdout]    --> src/fs.rs:192:16
[INFO] [stdout]     |
[INFO] [stdout] 192 |         mtime: SystemTime::UNIX_EPOCH,
[INFO] [stdout]     |                ^^^^^^^^^^^^^^^^^^^^^^ expected struct `time::Timespec`, found struct `SystemTime`
[INFO] [stdout] 
[INFO] [stdout] 
[INFO] [stdout] error[E0308]: mismatched types
[INFO] [stdout]    --> src/fs.rs:210:16
[INFO] [stdout]     |
[INFO] [stdout] 210 |         atime: SystemTime::UNIX_EPOCH,
[INFO] [stdout]     |                ^^^^^^^^^^^^^^^^^^^^^^ expected struct `time::Timespec`, found struct `SystemTime`
[INFO] [stdout] 
[INFO] [stdout] 
[INFO] [stdout] error[E0308]: mismatched types
[INFO] [stdout]    --> src/fs.rs:193:16
[INFO] [stdout]     |
[INFO] [stdout] 193 |         ctime: SystemTime::UNIX_EPOCH,
[INFO] [stdout]     |                ^^^^^^^^^^^^^^^^^^^^^^ expected struct `time::Timespec`, found struct `SystemTime`
[INFO] [stdout] 
[INFO] [stdout] 
[INFO] [stdout] error[E0308]: mismatched types
[INFO] [stdout]    --> src/fs.rs:211:16
[INFO] [stdout]     |
[INFO] [stdout] 211 |         mtime: SystemTime::UNIX_EPOCH,
[INFO] [stdout]     |                ^^^^^^^^^^^^^^^^^^^^^^ expected struct `time::Timespec`, found struct `SystemTime`
[INFO] [stdout] 
[INFO] [stdout] 
[INFO] [stdout] error[E0308]: mismatched types
[INFO] [stdout]    --> src/fs.rs:194:17
[INFO] [stdout]     |
[INFO] [stdout] 194 |         crtime: SystemTime::UNIX_EPOCH,
[INFO] [stdout]     |                 ^^^^^^^^^^^^^^^^^^^^^^ expected struct `time::Timespec`, found struct `SystemTime`
[INFO] [stdout] 
[INFO] [stdout] 
[INFO] [stdout] error[E0308]: mismatched types
[INFO] [stdout]    --> src/fs.rs:212:16
[INFO] [stdout]     |
[INFO] [stdout] 212 |         ctime: SystemTime::UNIX_EPOCH,
[INFO] [stdout]     |                ^^^^^^^^^^^^^^^^^^^^^^ expected struct `time::Timespec`, found struct `SystemTime`
[INFO] [stdout] 
[INFO] [stdout] 
[INFO] [stdout] error[E0308]: mismatched types
[INFO] [stdout]    --> src/fs.rs:210:16
[INFO] [stdout]     |
[INFO] [stdout] 210 |         atime: SystemTime::UNIX_EPOCH,
[INFO] [stdout]     |                ^^^^^^^^^^^^^^^^^^^^^^ expected struct `time::Timespec`, found struct `SystemTime`
[INFO] [stdout] 
[INFO] [stdout] 
[INFO] [stdout] error[E0308]: mismatched types
[INFO] [stdout]    --> src/fs.rs:213:17
[INFO] [stdout]     |
[INFO] [stdout] 213 |         crtime: SystemTime::UNIX_EPOCH,
[INFO] [stdout]     |                 ^^^^^^^^^^^^^^^^^^^^^^ expected struct `time::Timespec`, found struct `SystemTime`
[INFO] [stdout] 
[INFO] [stdout] 
[INFO] [stdout] error[E0308]: mismatched types
[INFO] [stdout]    --> src/fs.rs:211:16
[INFO] [stdout]     |
[INFO] [stdout] 211 |         mtime: SystemTime::UNIX_EPOCH,
[INFO] [stdout]     |                ^^^^^^^^^^^^^^^^^^^^^^ expected struct `time::Timespec`, found struct `SystemTime`
[INFO] [stdout] 
[INFO] [stdout] 
[INFO] [stdout] error[E0308]: mismatched types
[INFO] [stdout]    --> src/fs.rs:212:16
[INFO] [stdout]     |
[INFO] [stdout] 212 |         ctime: SystemTime::UNIX_EPOCH,
[INFO] [stdout]     |                ^^^^^^^^^^^^^^^^^^^^^^ expected struct `time::Timespec`, found struct `SystemTime`
[INFO] [stdout] 
[INFO] [stdout] 
[INFO] [stdout] error[E0308]: mismatched types
[INFO] [stdout]    --> src/fs.rs:268:33
[INFO] [stdout]     |
[INFO] [stdout] 268 |                     reply.entry(&ONE_SEC, &SPECIAL_DIR_ATTRS[0], 0);
[INFO] [stdout]     |                                 ^^^^^^^^ expected struct `time::Timespec`, found struct `std::time::Duration`
[INFO] [stdout]     |
[INFO] [stdout]     = note: expected reference `&time::Timespec`
[INFO] [stdout]                found reference `&std::time::Duration`
[INFO] [stdout] 
[INFO] [stdout] 
[INFO] [stdout] error[E0308]: mismatched types
[INFO] [stdout]    --> src/fs.rs:213:17
[INFO] [stdout]     |
[INFO] [stdout] 213 |         crtime: SystemTime::UNIX_EPOCH,
[INFO] [stdout]     |                 ^^^^^^^^^^^^^^^^^^^^^^ expected struct `time::Timespec`, found struct `SystemTime`
[INFO] [stdout] 
[INFO] [stdout] 
[INFO] [stdout] error[E0308]: mismatched types
[INFO] [stdout]    --> src/fs.rs:270:33
[INFO] [stdout]     |
[INFO] [stdout] 270 |                     reply.entry(&ONE_SEC, &SPECIAL_DIR_ATTRS[1], 0);
[INFO] [stdout]     |                                 ^^^^^^^^ expected struct `time::Timespec`, found struct `std::time::Duration`
[INFO] [stdout]     |
[INFO] [stdout]     = note: expected reference `&time::Timespec`
[INFO] [stdout]                found reference `&std::time::Duration`
[INFO] [stdout] 
[INFO] [stdout] 
[INFO] [stdout] error[E0308]: mismatched types
[INFO] [stdout]    --> src/fs.rs:280:37
[INFO] [stdout]     |
[INFO] [stdout] 280 |                         reply.entry(&ONE_SEC, &attr, 0);
[INFO] [stdout]     |                                     ^^^^^^^^ expected struct `time::Timespec`, found struct `std::time::Duration`
[INFO] [stdout]     |
[INFO] [stdout]     = note: expected reference `&time::Timespec`
[INFO] [stdout]                found reference `&std::time::Duration`
[INFO] [stdout] 
[INFO] [stdout] 
[INFO] [stdout] error[E0308]: mismatched types
[INFO] [stdout]    --> src/fs.rs:268:33
[INFO] [stdout]     |
[INFO] [stdout] 268 |                     reply.entry(&ONE_SEC, &SPECIAL_DIR_ATTRS[0], 0);
[INFO] [stdout]     |                                 ^^^^^^^^ expected struct `time::Timespec`, found struct `std::time::Duration`
[INFO] [stdout]     |
[INFO] [stdout]     = note: expected reference `&time::Timespec`
[INFO] [stdout]                found reference `&std::time::Duration`
[INFO] [stdout] 
[INFO] [stdout] 
[INFO] [stdout] error[E0308]: mismatched types
[INFO] [stdout]    --> src/fs.rs:292:37
[INFO] [stdout]     |
[INFO] [stdout] 292 |                         reply.entry(&ONE_SEC, &attr, 0);
[INFO] [stdout]     |                                     ^^^^^^^^ expected struct `time::Timespec`, found struct `std::time::Duration`
[INFO] [stdout]     |
[INFO] [stdout]     = note: expected reference `&time::Timespec`
[INFO] [stdout]                found reference `&std::time::Duration`
[INFO] [stdout] 
[INFO] [stdout] 
[INFO] [stdout] error[E0308]: mismatched types
[INFO] [stdout]    --> src/fs.rs:270:33
[INFO] [stdout]     |
[INFO] [stdout] 270 |                     reply.entry(&ONE_SEC, &SPECIAL_DIR_ATTRS[1], 0);
[INFO] [stdout]     |                                 ^^^^^^^^ expected struct `time::Timespec`, found struct `std::time::Duration`
[INFO] [stdout]     |
[INFO] [stdout]     = note: expected reference `&time::Timespec`
[INFO] [stdout]                found reference `&std::time::Duration`
[INFO] [stdout] 
[INFO] [stdout] 
[INFO] [stdout] error[E0308]: mismatched types
[INFO] [stdout]    --> src/fs.rs:336:37
[INFO] [stdout]     |
[INFO] [stdout] 336 |                         reply.entry(&ONE_SEC, &attr, 0);
[INFO] [stdout]     |                                     ^^^^^^^^ expected struct `time::Timespec`, found struct `std::time::Duration`
[INFO] [stdout]     |
[INFO] [stdout]     = note: expected reference `&time::Timespec`
[INFO] [stdout]                found reference `&std::time::Duration`
[INFO] [stdout] 
[INFO] [stdout] 
[INFO] [stdout] error[E0308]: mismatched types
[INFO] [stdout]    --> src/fs.rs:280:37
[INFO] [stdout]     |
[INFO] [stdout] 280 |                         reply.entry(&ONE_SEC, &attr, 0);
[INFO] [stdout]     |                                     ^^^^^^^^ expected struct `time::Timespec`, found struct `std::time::Duration`
[INFO] [stdout]     |
[INFO] [stdout]     = note: expected reference `&time::Timespec`
[INFO] [stdout]                found reference `&std::time::Duration`
[INFO] [stdout] 
[INFO] [stdout] 
[INFO] [stdout] error[E0308]: mismatched types
[INFO] [stdout]    --> src/fs.rs:348:41
[INFO] [stdout]     |
[INFO] [stdout] 348 |             Self::ROOT_ID => reply.attr(&ONE_SEC, &ROOT_DIR_ATTR),
[INFO] [stdout]     |                                         ^^^^^^^^ expected struct `time::Timespec`, found struct `std::time::Duration`
[INFO] [stdout]     |
[INFO] [stdout]     = note: expected reference `&time::Timespec`
[INFO] [stdout]                found reference `&std::time::Duration`
[INFO] [stdout] 
[INFO] [stdout] 
[INFO] [stdout] error[E0308]: mismatched types
[INFO] [stdout]    --> src/fs.rs:292:37
[INFO] [stdout]     |
[INFO] [stdout] 292 |                         reply.entry(&ONE_SEC, &attr, 0);
[INFO] [stdout]     |                                     ^^^^^^^^ expected struct `time::Timespec`, found struct `std::time::Duration`
[INFO] [stdout]     |
[INFO] [stdout]     = note: expected reference `&time::Timespec`
[INFO] [stdout]                found reference `&std::time::Duration`
[INFO] [stdout] 
[INFO] [stdout] 
[INFO] [stdout] error[E0308]: mismatched types
[INFO] [stdout]    --> src/fs.rs:349:42
[INFO] [stdout]     |
[INFO] [stdout] 349 |             Self::COMIC_ID => reply.attr(&ONE_SEC, &SPECIAL_DIR_ATTRS[0]),
[INFO] [stdout]     |                                          ^^^^^^^^ expected struct `time::Timespec`, found struct `std::time::Duration`
[INFO] [stdout]     |
[INFO] [stdout]     = note: expected reference `&time::Timespec`
[INFO] [stdout]                found reference `&std::time::Duration`
[INFO] [stdout] 
[INFO] [stdout] 
[INFO] [stdout] error[E0308]: mismatched types
[INFO] [stdout]    --> src/fs.rs:336:37
[INFO] [stdout]     |
[INFO] [stdout] 336 |                         reply.entry(&ONE_SEC, &attr, 0);
[INFO] [stdout]     |                                     ^^^^^^^^ expected struct `time::Timespec`, found struct `std::time::Duration`
[INFO] [stdout]     |
[INFO] [stdout]     = note: expected reference `&time::Timespec`
[INFO] [stdout]                found reference `&std::time::Duration`
[INFO] [stdout] 
[INFO] [stdout] 
[INFO] [stdout] error[E0308]: mismatched types
[INFO] [stdout]    --> src/fs.rs:350:41
[INFO] [stdout]     |
[INFO] [stdout] 350 |             Self::TAGS_ID => reply.attr(&ONE_SEC, &SPECIAL_DIR_ATTRS[1]),
[INFO] [stdout]     |                                         ^^^^^^^^ expected struct `time::Timespec`, found struct `std::time::Duration`
[INFO] [stdout]     |
[INFO] [stdout]     = note: expected reference `&time::Timespec`
[INFO] [stdout]                found reference `&std::time::Duration`
[INFO] [stdout] 
[INFO] [stdout] 
[INFO] [stdout] error[E0308]: mismatched types
[INFO] [stdout]    --> src/fs.rs:348:41
[INFO] [stdout]     |
[INFO] [stdout] 348 |             Self::ROOT_ID => reply.attr(&ONE_SEC, &ROOT_DIR_ATTR),
[INFO] [stdout]     |                                         ^^^^^^^^ expected struct `time::Timespec`, found struct `std::time::Duration`
[INFO] [stdout]     |
[INFO] [stdout]     = note: expected reference `&time::Timespec`
[INFO] [stdout]                found reference `&std::time::Duration`
[INFO] [stdout] 
[INFO] [stdout] 
[INFO] [stdout] error[E0308]: mismatched types
[INFO] [stdout]    --> src/fs.rs:380:36
[INFO] [stdout]     |
[INFO] [stdout] 380 |                         reply.attr(&ONE_SEC, &attr);
[INFO] [stdout]     |                                    ^^^^^^^^ expected struct `time::Timespec`, found struct `std::time::Duration`
[INFO] [stdout]     |
[INFO] [stdout]     = note: expected reference `&time::Timespec`
[INFO] [stdout]                found reference `&std::time::Duration`
[INFO] [stdout] 
[INFO] [stdout] 
[INFO] [stdout] error[E0308]: mismatched types
[INFO] [stdout]    --> src/fs.rs:349:42
[INFO] [stdout]     |
[INFO] [stdout] 349 |             Self::COMIC_ID => reply.attr(&ONE_SEC, &SPECIAL_DIR_ATTRS[0]),
[INFO] [stdout]     |                                          ^^^^^^^^ expected struct `time::Timespec`, found struct `std::time::Duration`
[INFO] [stdout]     |
[INFO] [stdout]     = note: expected reference `&time::Timespec`
[INFO] [stdout]                found reference `&std::time::Duration`
[INFO] [stdout] 
[INFO] [stdout] 
[INFO] [stdout] error[E0308]: mismatched types
[INFO] [stdout]    --> src/fs.rs:601:37
[INFO] [stdout]     |
[INFO] [stdout] 601 |                         reply.entry(&ONE_SEC, &directory_attr(ino), 0);
[INFO] [stdout]     |                                     ^^^^^^^^ expected struct `time::Timespec`, found struct `std::time::Duration`
[INFO] [stdout]     |
[INFO] [stdout]     = note: expected reference `&time::Timespec`
[INFO] [stdout]                found reference `&std::time::Duration`
[INFO] [stdout] 
[INFO] [stdout] 
[INFO] [stdout] error[E0308]: mismatched types
[INFO] [stdout]    --> src/fs.rs:350:41
[INFO] [stdout]     |
[INFO] [stdout] 350 |             Self::TAGS_ID => reply.attr(&ONE_SEC, &SPECIAL_DIR_ATTRS[1]),
[INFO] [stdout]     |                                         ^^^^^^^^ expected struct `time::Timespec`, found struct `std::time::Duration`
[INFO] [stdout]     |
[INFO] [stdout]     = note: expected reference `&time::Timespec`
[INFO] [stdout]                found reference `&std::time::Duration`
[INFO] [stdout] 
[INFO] [stdout] 
[INFO] [stdout] error[E0308]: mismatched types
[INFO] [stdout]    --> src/fs.rs:608:37
[INFO] [stdout]     |
[INFO] [stdout] 608 |                         reply.entry(&ONE_SEC, &directory_attr(ino), 0);
[INFO] [stdout]     |                                     ^^^^^^^^ expected struct `time::Timespec`, found struct `std::time::Duration`
[INFO] [stdout]     |
[INFO] [stdout]     = note: expected reference `&time::Timespec`
[INFO] [stdout]                found reference `&std::time::Duration`
[INFO] [stdout] 
[INFO] [stdout] 
[INFO] [stdout] error[E0308]: mismatched types
[INFO] [stdout]    --> src/fs.rs:380:36
[INFO] [stdout]     |
[INFO] [stdout] 380 |                         reply.attr(&ONE_SEC, &attr);
[INFO] [stdout]     |                                    ^^^^^^^^ expected struct `time::Timespec`, found struct `std::time::Duration`
[INFO] [stdout]     |
[INFO] [stdout]     = note: expected reference `&time::Timespec`
[INFO] [stdout]                found reference `&std::time::Duration`
[INFO] [stdout] 
[INFO] [stdout] 
[INFO] [stdout] error[E0308]: mismatched types
[INFO] [stdout]    --> src/fs.rs:634:29
[INFO] [stdout]     |
[INFO] [stdout] 634 |                 reply.entry(&ONE_SEC, &directory_attr(ino), 0);
[INFO] [stdout]     |                             ^^^^^^^^ expected struct `time::Timespec`, found struct `std::time::Duration`
[INFO] [stdout]     |
[INFO] [stdout]     = note: expected reference `&time::Timespec`
[INFO] [stdout]                found reference `&std::time::Duration`
[INFO] [stdout] 
[INFO] [stdout] 
[INFO] [stdout] error[E0308]: mismatched types
[INFO] [stdout]    --> src/fs.rs:601:37
[INFO] [stdout]     |
[INFO] [stdout] 601 |                         reply.entry(&ONE_SEC, &directory_attr(ino), 0);
[INFO] [stdout]     |                                     ^^^^^^^^ expected struct `time::Timespec`, found struct `std::time::Duration`
[INFO] [stdout]     |
[INFO] [stdout]     = note: expected reference `&time::Timespec`
[INFO] [stdout]                found reference `&std::time::Duration`
[INFO] [stdout] 
[INFO] [stdout] 
[INFO] [stdout] error[E0308]: mismatched types
[INFO] [stdout]    --> src/fs.rs:667:23
[INFO] [stdout]     |
[INFO] [stdout] 667 |         reply.created(&ONE_SEC, &file_attr(ino), 0, 0, 0);
[INFO] [stdout]     |                       ^^^^^^^^ expected struct `time::Timespec`, found struct `std::time::Duration`
[INFO] [stdout]     |
[INFO] [stdout]     = note: expected reference `&time::Timespec`
[INFO] [stdout]                found reference `&std::time::Duration`
[INFO] [stdout] 
[INFO] [stdout] 
[INFO] [stdout] error[E0308]: mismatched types
[INFO] [stdout]    --> src/fs.rs:608:37
[INFO] [stdout]     |
[INFO] [stdout] 608 |                         reply.entry(&ONE_SEC, &directory_attr(ino), 0);
[INFO] [stdout]     |                                     ^^^^^^^^ expected struct `time::Timespec`, found struct `std::time::Duration`
[INFO] [stdout]     |
[INFO] [stdout]     = note: expected reference `&time::Timespec`
[INFO] [stdout]                found reference `&std::time::Duration`
[INFO] [stdout] 
[INFO] [stdout] 
[INFO] [stdout] error[E0308]: mismatched types
[INFO] [stdout]    --> src/fs.rs:700:24
[INFO] [stdout]     |
[INFO] [stdout] 700 |             reply.attr(&ONE_SEC, &file_attr(ino));
[INFO] [stdout]     |                        ^^^^^^^^ expected struct `time::Timespec`, found struct `std::time::Duration`
[INFO] [stdout]     |
[INFO] [stdout]     = note: expected reference `&time::Timespec`
[INFO] [stdout]                found reference `&std::time::Duration`
[INFO] [stdout] 
[INFO] [stdout] 
[INFO] [stdout] error[E0308]: mismatched types
[INFO] [stdout]    --> src/fs.rs:634:29
[INFO] [stdout]     |
[INFO] [stdout] 634 |                 reply.entry(&ONE_SEC, &directory_attr(ino), 0);
[INFO] [stdout]     |                             ^^^^^^^^ expected struct `time::Timespec`, found struct `std::time::Duration`
[INFO] [stdout]     |
[INFO] [stdout]     = note: expected reference `&time::Timespec`
[INFO] [stdout]                found reference `&std::time::Duration`
[INFO] [stdout] 
[INFO] [stdout] 
[INFO] [stdout] error[E0308]: mismatched types
[INFO] [stdout]    --> src/fs.rs:722:20
[INFO] [stdout]     |
[INFO] [stdout] 722 |         reply.attr(&ONE_SEC, &attr);
[INFO] [stdout]     |                    ^^^^^^^^ expected struct `time::Timespec`, found struct `std::time::Duration`
[INFO] [stdout]     |
[INFO] [stdout]     = note: expected reference `&time::Timespec`
[INFO] [stdout]                found reference `&std::time::Duration`
[INFO] [stdout] 
[INFO] [stdout] 
[INFO] [stdout] error[E0308]: mismatched types
[INFO] [stdout]    --> src/fs.rs:667:23
[INFO] [stdout]     |
[INFO] [stdout] 667 |         reply.created(&ONE_SEC, &file_attr(ino), 0, 0, 0);
[INFO] [stdout]     |                       ^^^^^^^^ expected struct `time::Timespec`, found struct `std::time::Duration`
[INFO] [stdout]     |
[INFO] [stdout]     = note: expected reference `&time::Timespec`
[INFO] [stdout]                found reference `&std::time::Duration`
[INFO] [stdout] 
[INFO] [stdout] 
[INFO] [stdout] error[E0308]: mismatched types
[INFO] [stdout]    --> src/fs.rs:779:16
[INFO] [stdout]     |
[INFO] [stdout] 779 |         atime: meta.accessed().unwrap(),
[INFO] [stdout]     |                ^^^^^^^^^^^^^^^^^^^^^^^^ expected struct `time::Timespec`, found struct `SystemTime`
[INFO] [stdout] 
[INFO] [stdout] 
[INFO] [stdout] error[E0308]: mismatched types
[INFO] [stdout]    --> src/fs.rs:700:24
[INFO] [stdout]     |
[INFO] [stdout] 700 |             reply.attr(&ONE_SEC, &file_attr(ino));
[INFO] [stdout]     |                        ^^^^^^^^ expected struct `time::Timespec`, found struct `std::time::Duration`
[INFO] [stdout]     |
[INFO] [stdout]     = note: expected reference `&time::Timespec`
[INFO] [stdout]                found reference `&std::time::Duration`
[INFO] [stdout] 
[INFO] [stdout] 
[INFO] [stdout] error[E0308]: mismatched types
[INFO] [stdout]    --> src/fs.rs:780:16
[INFO] [stdout]     |
[INFO] [stdout] 780 |         ctime: meta.created().unwrap(),
[INFO] [stdout]     |                ^^^^^^^^^^^^^^^^^^^^^^^ expected struct `time::Timespec`, found struct `SystemTime`
[INFO] [stdout] 
[INFO] [stdout] 
[INFO] [stdout] error[E0308]: mismatched types
[INFO] [stdout]    --> src/fs.rs:722:20
[INFO] [stdout]     |
[INFO] [stdout] 722 |         reply.attr(&ONE_SEC, &attr);
[INFO] [stdout]     |                    ^^^^^^^^ expected struct `time::Timespec`, found struct `std::time::Duration`
[INFO] [stdout]     |
[INFO] [stdout]     = note: expected reference `&time::Timespec`
[INFO] [stdout]                found reference `&std::time::Duration`
[INFO] [stdout] 
[INFO] [stdout] 
[INFO] [stdout] error[E0308]: mismatched types
[INFO] [stdout]    --> src/fs.rs:781:16
[INFO] [stdout]     |
[INFO] [stdout] 781 |         mtime: meta.modified().unwrap(),
[INFO] [stdout]     |                ^^^^^^^^^^^^^^^^^^^^^^^^ expected struct `time::Timespec`, found struct `SystemTime`
[INFO] [stdout] 
[INFO] [stdout] 
[INFO] [stdout] error[E0308]: mismatched types
[INFO] [stdout]    --> src/fs.rs:779:16
[INFO] [stdout]     |
[INFO] [stdout] 779 |         atime: meta.accessed().unwrap(),
[INFO] [stdout]     |                ^^^^^^^^^^^^^^^^^^^^^^^^ expected struct `time::Timespec`, found struct `SystemTime`
[INFO] [stdout] 
[INFO] [stdout] 
[INFO] [stdout] error[E0308]: mismatched types
[INFO] [stdout]    --> src/fs.rs:782:17
[INFO] [stdout]     |
[INFO] [stdout] 782 |         crtime: SystemTime::UNIX_EPOCH,
[INFO] [stdout]     |                 ^^^^^^^^^^^^^^^^^^^^^^ expected struct `time::Timespec`, found struct `SystemTime`
[INFO] [stdout] 
[INFO] [stdout] 
[INFO] [stdout] error[E0277]: the size for values of type `[u8]` cannot be known at compilation time
[INFO] [stdout]    --> src/fs.rs:813:5
[INFO] [stdout]     |
[INFO] [stdout] 813 |     fuse::mount(ComicFS::new(conn), mountpoint, &options).unwrap();
[INFO] [stdout]     |     ^^^^^^^^^^^ doesn't have a size known at compile-time
[INFO] [stdout]     | 
[INFO] [stdout]    ::: /opt/rustwide/cargo-home/registry/src/github.com-1ecc6299db9ec823/fuse-0.3.1/src/lib.rs:375:30
[INFO] [stdout]     |
[INFO] [stdout] 375 | pub fn mount<FS: Filesystem, P: AsRef<Path>>(filesystem: FS, mountpoint: &P, options: &[&OsStr]) -> io::Result<()>{
[INFO] [stdout]     |                              - required by this bound in `fuse::mount`
[INFO] [stdout]     |
[INFO] [stdout]     = help: within `OsStr`, the trait `Sized` is not implemented for `[u8]`
[INFO] [stdout]     = note: required because it appears within the type `OsStr`
[INFO] [stdout] 
[INFO] [stdout] 
[INFO] [stdout] error[E0308]: mismatched types
[INFO] [stdout]    --> src/fs.rs:780:16
[INFO] [stdout]     |
[INFO] [stdout] 780 |         ctime: meta.created().unwrap(),
[INFO] [stdout]     |                ^^^^^^^^^^^^^^^^^^^^^^^ expected struct `time::Timespec`, found struct `SystemTime`
[INFO] [stdout] 
[INFO] [stdout] 
[INFO] [stdout] error[E0308]: mismatched types
[INFO] [stdout]    --> src/fs.rs:781:16
[INFO] [stdout]     |
[INFO] [stdout] 781 |         mtime: meta.modified().unwrap(),
[INFO] [stdout]     |                ^^^^^^^^^^^^^^^^^^^^^^^^ expected struct `time::Timespec`, found struct `SystemTime`
[INFO] [stdout] 
[INFO] [stdout] 
[INFO] [stdout] error: aborting due to 42 previous errors
[INFO] [stdout] 
[INFO] [stdout] 
[INFO] [stdout] Some errors have detailed explanations: E0053, E0277, E0308, E0425.
[INFO] [stdout] 
[INFO] [stdout] For more information about an error, try `rustc --explain E0053`.
[INFO] [stdout] 
[INFO] [stderr] error: could not compile `comic-fs`.
[INFO] [stderr] 
[INFO] [stderr] To learn more, run the command again with --verbose.
[INFO] [stderr] warning: build failed, waiting for other jobs to finish...
[INFO] [stdout] error[E0308]: mismatched types
[INFO] [stdout]    --> src/fs.rs:782:17
[INFO] [stdout]     |
[INFO] [stdout] 782 |         crtime: SystemTime::UNIX_EPOCH,
[INFO] [stdout]     |                 ^^^^^^^^^^^^^^^^^^^^^^ expected struct `time::Timespec`, found struct `SystemTime`
[INFO] [stdout] 
[INFO] [stdout] 
[INFO] [stdout] error[E0277]: the size for values of type `[u8]` cannot be known at compilation time
[INFO] [stdout]    --> src/fs.rs:813:5
[INFO] [stdout]     |
[INFO] [stdout] 813 |     fuse::mount(ComicFS::new(conn), mountpoint, &options).unwrap();
[INFO] [stdout]     |     ^^^^^^^^^^^ doesn't have a size known at compile-time
[INFO] [stdout]     | 
[INFO] [stdout]    ::: /opt/rustwide/cargo-home/registry/src/github.com-1ecc6299db9ec823/fuse-0.3.1/src/lib.rs:375:30
[INFO] [stdout]     |
[INFO] [stdout] 375 | pub fn mount<FS: Filesystem, P: AsRef<Path>>(filesystem: FS, mountpoint: &P, options: &[&OsStr]) -> io::Result<()>{
[INFO] [stdout]     |                              - required by this bound in `fuse::mount`
[INFO] [stdout]     |
[INFO] [stdout]     = help: within `OsStr`, the trait `Sized` is not implemented for `[u8]`
[INFO] [stdout]     = note: required because it appears within the type `OsStr`
[INFO] [stdout] 
[INFO] [stdout] 
[INFO] [stdout] error: aborting due to 42 previous errors
[INFO] [stdout] 
[INFO] [stdout] 
[INFO] [stdout] Some errors have detailed explanations: E0053, E0277, E0308, E0425.
[INFO] [stdout] 
[INFO] [stdout] For more information about an error, try `rustc --explain E0053`.
[INFO] [stdout] 
[INFO] [stderr] error: build failed
[INFO] running `Command { std: "docker" "inspect" "196c5f2d923016acdcf11d513ed792680f2f38628f839d45399b457a1bf28466", kill_on_drop: false }`
[INFO] running `Command { std: "docker" "rm" "-f" "196c5f2d923016acdcf11d513ed792680f2f38628f839d45399b457a1bf28466", kill_on_drop: false }`
[INFO] [stdout] 196c5f2d923016acdcf11d513ed792680f2f38628f839d45399b457a1bf28466
